2)/(-24) - ((-3714)/(-4))/(-3). Suppose 3*c - 186 = b, -2*c - 3*c = -3*b - y. What is the units digit of c?
2
Suppose -j = -7 + 1. Let y be (2 - j)/(1 - 2). Suppose 3*i - 38 = -0*i - y*c, -c + 42 = 4*i. What is the tens digit of i?
1
Suppose -3647 = 85*o - 92*o. What is the hundreds digit of o?
5
Let o be (-4)/14 + ((-88)/(-14) - 1). Suppose -o*f + 3*g + 191 = -0*f, -10 = 5*g. What is the tens digit of f?
3
Suppose 13*r = 18*r - 135. Let j = 2 + 1. Suppose 6 + r = j*b. What is the tens digit of b?
1
Let l(r) = r**3 - 13*r**2 + 15*r + 4. Let x(b) = -b**3 - 7*b**2 - 5*b. Let m be x(-6). Let j = m + 18. What is the tens digit of l(j)?
4
Let j = -49 + 47. What is the tens digit of (7/(-21))/(j/264)?
4
Suppose 0 = -0*f + 5*f - 2*g - 4, -4*f - 5*g = -23. Suppose -3*n = -2*n. What is the units digit of -2 + n - (-32)/f?
4
Let l = 958 + 2707. What is the thousands digit of l?
3
Suppose -5*l + 1095 = -5*r, -44 = 2*l + 5*r - 503. What is the tens digit of l?
2
Let v(w) be the third derivative of -w**4/24 + 2*w**3 - 17*w**2. What is the units digit of v(0)?
2
Suppose 0 = 2*k - 0*r - r - 273, -5*k + r + 678 = 0. What is the tens digit of k?
3
Suppose 6*v = 555 + 525. What is the tens digit of v?
8
Let g = -145 - -206. What is the tens digit of g?
6
Suppose -f + 98 = 2*p, 2*p - f = -2*p + 208. Suppose -54*h + 681 = -p*h. What is the tens digit of h?
2
Let q(f) be the first derivative of -1/3*f**3 + 12*f + 5*f**2 + 7. What is the tens digit of q(7)?
3
Suppose -54*g + 19467 = -48033. What is the thousands digit of g?
1
Let p = 23 - 23. Suppose 6*j + 12 = j - 2*n, p = 2*j - n + 12. What is the units digit of 1*(j - -5)*61?
1
Suppose 4*f - 4 = 4*b, -4*f - 5*b - 9 = -40. Suppose -f*j + 10 = j. Suppose -j = -r + 2*r, 3 = 3*v + 3*r. What is the units digit of v?
3
Let x(a) = a**3 + 6*a**2 - 3*a - 1. Suppose 3*v = 2*v + 5. Suppose v*o - o = -24. What is the units digit of x(o)?
7
Let t(k) = -13*k - 26. Let l(u) be the third derivative of 3*u**4/8 + 17*u**3/6 - u**2. Let q(s) = -8*l(s) - 5*t(s). What is the units digit of q(-6)?
6
Suppose 0 = -5*r + 9*r - 12. Suppose -3*w + 11 = 5*g, 3*w = -r*g + 4*w + 1. What is the units digit of g?
1
Let u(g) = 3*g**3 + 27*g**2 + 15*g - 44. Let a(d) = -d**3 - 9*d**2 - 5*d + 15. Let z(m) = 17*a(m) + 6*u(m). What is the units digit of z(-8)?
5
Let p = -4578 - -8393. What is the thousands digit of p?
3
Let m(f) = 2*f - 8. Let q be m(5). What is the tens digit of 20*q/(8/7)?
3
Suppose -2*k + 3*w = -349, 3*k - 4*w = -k + 692. Let b be (-6)/(-9) + k/6. What is the units digit of (-1*b)/(13 + -14)?
9
Let c = -18 - -488. What is the units digit of c?
0
Suppose 0 = 5*o - 3*q - 96, -62 = -0*o - 3*o + 4*q. Suppose u = o + 21. What is the tens digit of u?
3
Let u(x) = 2*x + 6. Let m be u(6). Let r = -35 + m. Let d = r + 44. What is the units digit of d?
7
Let p be 3381/35 - (-9)/(-15). Suppose r + p = -4. What is the units digit of (-3)/(-1)*r/(-12)?
5
Let d be (-3)/((1/2)/(-1)). Let v = -3 + d. Suppose j - v*i + 2 = 0, -4*j - 4*i - i = -60. What is the tens digit of j?
1
Suppose -5*l + 4990 + 4020 = 5*f, 3*l + 2*f - 5411 = 0. What is the thousands digit of l?
1
Let x be 8*10/(-4)*-2. Suppose -y + 77 = -j + 6*j, 2*j - 26 = -2*y. What is the tens digit of 96/10 + j/x?
1
Let d(o) = o**3 - 5*o**2 - 108*o + 21. What is the units digit of d(18)?
9
Let o = -24 - -21. What is the tens digit of ((-9)/(-4))/(o/(-16))?
1
Let m(t) = 32*t**2 + t. Let b be m(-1). Let s = -20 - -22. Suppose -s*z + b + 57 = 0. What is the units digit of z?
4
Suppose -5*c + 6 = 3*a, 4*a + 4*c - 6 = a. What is the tens digit of a/3*(2010/(-4))/(-5)?
6
Let c(m) = 2*m**2 - 27*m - 200. What is the thousands digit of c(-20)?
1
What is the hundreds digit of ((-20068)/290)/(0 + 2/(-20))?
6
Let i(f) = -4*f**3 - 3*f**2 + 5*f + 3. Let m be i(-3). Suppose -o + m = -0*o. What is the tens digit of o?
6
Let q be (-2)/(-3)*(-27)/(-6). Suppose -4*k = -2*k - 2*r - 50, -2*k + 52 = -q*r. Suppose -3*f = -k - 58. What is the tens digit of f?
2
Let y(x) = -x**3 + 14*x**2 + 25*x - 25. What is the tens digit of y(-7)?
2
Let o = 17 - 13. Suppose o*f = -0*f + 56. What is the tens digit of (f - -12) + (-6)/2?
2
Let j(i) = 7*i - 39. Let m be j(6). Suppose -4*o + 0*o + 492 = 0. Suppose 3*a + 0*q - o = 3*q, -143 = -m*a - q. What is the units digit of a?
6
Suppose 4*m - l = -0*m + 629, 5*m + 5*l = 805. Let z = 234 - m. What is the units digit of z?
6
Let l = 1169 + 87. What is the tens digit of l?
5
Let r = -191 + 269. What is the units digit of r?
8
Let h(i) = -3*i - 8. Let o be h(-4). Suppose 5*a = o*a + 5*q + 6, 3*a - 4 = q. What is the units digit of a?
1
Let n = 97 + -97. Suppose 3*l + 5*d - 46 = n, -30 = -0*l - 2*l - 3*d. What is the tens digit of l?
1
Suppose -f - f = 2. What is the tens digit of 98*(3 - f)/8?
4
Let l = -162 + 309. What is the tens digit of l?
4
Let x be 1 + 108 + -3 + 3. Let g = x - 28. What is the tens digit of g?
8
Suppose -8 = 2*h, 3*h = -35*m + 33*m + 6508. What is the thousands digit of m?
3
Let p be 12/4 + -2 + 11. Let i = p + -10. Suppose -i*z - 6 = -24. What is the units digit of z?
9
Suppose 4*o - 36 = 144. What is the tens digit of o?
4
Let j(b) = 2*b + 2 - 2*b + 4*b + 3*b + b**2. What is the tens digit of j(-9)?
2
Let u be -4 + -4 + 6 + 2 + 4. Suppose u*a + 77 = 729. What is the units digit of a?
3
Suppose 3*z - x - 4135 = 3*x, 0 = z + 3*x - 1400. Suppose -283 = -12*q + z. What is the hundreds digit of q?
1
Let h(k) = -31*k + 5. Let g be h(3). What is the units digit of (-104)/40*(3 + g)?
1
Let y be (4 - -2)*28/12. Let r = y + -12. Suppose -2*k + 46 - 10 = 3*w, 5*w = r*k - 4. What is the tens digit of k?
1
Let m(w) = 244*w - 8. Let r(l) = -49*l + 2. Let t(d) = -2*m(d) - 11*r(d). What is the tens digit of t(5)?
4
Let s(b) be the second derivative of -b**3/6 + 4*b**2 + 10*b. Let c be s(6). What is the units digit of (c - -2) + -2 + 21?
3
Let a(y) = 13*y**2 - y + 2. Let l be a(1). Let v = l - -53. What is the tens digit of v?
6
Suppose 0 = -87*p + 2*p + 380290. What is the units digit of p?
4
Let g(n) = -35*n**3 + 4*n**2 - 2*n - 3. Let i be g(-2). Let l = i - 207. What is the units digit of l?
0
Suppose -3*w + 124 = -2*w. Let d(u) = -2*u**2 - 6*u + 2. Let v be d(5). Let p = v + w. What is the tens digit of p?
4
Let a(n) = n**2 - 32*n - 71. What is the units digit of a(42)?
9
Suppose 5*w - 3 - 27 = 0. Let m = w + 11. What is the units digit of m?
7
Let d(x) = x**3 + x**2 + x. Let u be d(-1). Let z(w) be the third derivative of 11*w**5/60 + w**4/12 + w**3/6 + 7*w**2. What is the units digit of z(u)?
0
Let i be ((-4)/8)/(1/(-12)). Suppose -12 = -9*u + i*u. Let o = u + 2. What is the units digit of o?
6
Suppose g = -0 - 2, -5 = 3*d - 2*g. Let f be -1*12/d*-6. What is the units digit of f/(-30) + (-221)/(-5)?
5
Suppose u = 2*u. Suppose -4*f + 6 + 10 = u. Suppose 0 = 4*l - l - k - 55, 0 = f*l + 3*k - 56. What is the units digit of l?
7
Let g be 21888/(-99) - 4/(-44). Let b = -54 - g. What is the tens digit of b?
6
Let r(d) = -656*d + 5. What is the hundreds digit of r(-1)?
6
Let s(c) = c**3 - 9*c**2 + 2. Let m = 8 - -1. Let j be s(m). What is the tens digit of j/(-6) - (-770)/33?
2
Let o(w) = -3*w - 8. Let f(r) = -8*r - 24. Let q(l) = -6*f(l) + 17*o(l). Let v(u) = u**2 + 36*u - 42. Let p be v(-37). What is the tens digit of q(p)?
2
Let m = -671 + 1051. Suppose 3*q + 123 = x, 2*q - m = -3*x - 0*q. What is the tens digit of x?
2
What is the tens digit of ((-17736)/20)/(3/(-10))?
5
Let l(r) = r**2 - 2*r + 0*r + 15 + 12*r. What is the units digit of l(-9)?
6
Let y(a) be the first derivative of -3*a**4/4 - a**3 + a**2/2 + 2*a + 5. Let c(f) = -f**3 - f - 1. Let h(r) = 2*c(r) - y(r). What is the units digit of h(-3)?
5
Let y(c) = c**3 + 6*c**2 - c - 2. Suppose 5*o = -0 + 10. Suppose -x - 18 = o*x. What is the units digit of y(x)?
4
Suppose 0 = 5*h - 3*u + u - 1709, 0 = 2*h - 3*u - 677. What is the units digit of h?
3
Suppose 27 - 3 = 4*v. Suppose 0 = 4*u - 3*g + 2, -2*u + 3*g = 4*g + v. What is the units digit of (-3)/u*308/21?
2
Suppose -2*n - 4*t = 22, -2*n - 5*t = -0 + 21. Let z = 22 + n. What is the units digit of 79/z - (-2)/9?
9
Let h = -603 + 1215. What is the tens digit of h?
1
Suppose -4*a = 2*i - 1378, 0 = 2*a + 4*i - 364 - 328. What is the tens digit of a?
4
Suppose 1